- -2. Give z(s).
0
Let b(o) = o**2 - 3*o - 1. Let k(d) = -6*d - 21. Let y be k(-4). Calculate b(y).
-1
Let p be 3/(-1) - -2 - -5. Let z(o) be the second derivative of o**4/12 - 5*o**3/6 + 5*o**2/2 + 986*o. Calculate z(p).
1
Suppose -10 = -5*n + 3*n. Let j(q) = 8*q + 3. Suppose -41*o = -36*o - 35. Let p(k) = -7*k - 2. Let z(b) = o*p(b) + 6*j(b). What is z(n)?
-1
Let a(u) = 5*u + 2. Let s(w) be the second derivative of 3*w**3/2 + 3*w**2/2 + 6*w. Let t(b) = 11*a(b) - 6*s(b). Give t(-3).
1
Suppose -8*k - 5*l = -3*k - 95, 0 = 2*l - 8. Suppose k*c - 18 = -3. Let w(n) = n**2 - n + 1. Give w(c).
1
Suppose 269*g + 15 = 272*g. Let w(s) = s**3 - 4*s**2 - 4*s + 5. Determine w(g).
10
Let r(p) = -4*p**3 + 44*p**2 + 41*p + 12. Let i(d) = -d**3 + 14*d**2 + 13*d + 4. Let y(f) = -7*i(f) + 2*r(f). What is y(-9)?
-4
Let a(w) = -w + 15. Let t(c) be the first derivative of c - 8. Let n(v) = a(v) - 6*t(v). Give n(8).
1
Let d(p) = p**3 - p**2 - 4*p - 22. Let k(o) = -5*o**3 + 4*o**2 + 18*o + 88. Let w(u) = -9*d(u) - 2*k(u). What is w(0)?
22
Let i(d) be the third derivative of 0 - 5/6*d**3 + 0*d + 1/24*d**4 - 6*d**2. Calculate i(5).
0
Let h(j) = -j + 3. Let o(n) = 2*n + 1. Let l be o(-2). Let v be (l - (-5 + 4))/(4/10). Determine h(v).
8
Let c(d) = d - 7. Suppose 3*k + k = -16, 68 = 2*l - 5*k. Suppose -16*n - l = -12*n. Determine c(n).
-13
Suppose -z - 2*z - 21 = 0. Let r(s) = -3*s - 8. Let a be r(z). Let o = a + -7. Let h(g) = -g**2 + 6*g + 6. Give h(o).
6
Let n(c) = 2*c - 3*c - 2*c - 9*c. What is n(-2)?
24
Let x(l) = 2*l - 5. Let a be -10 + (-1 + 5/7)*-7. Let y be 16/a - (-8 - 0). Give x(y).
7
Let m(w) = -5 - 3*w - 9*w**2 + 21*w**3 + 4*w + 24*w**3 - 44*w**3. Calculate m(9).
4
Let d(j) = -8*j**3 - 3*j**3 + 6*j**2 + 10 - 5 + 8*j + 12*j**3. Determine d(-5).
-10
Let a be 5 + -1 - (4 - -1). Let x = 3 - a. Let y(l) = -l**3 + 3*l**2 + 5*l - 2. Determine y(x).
2
Let b = -12 + 0. Let c = b - -14. Let v(w) be the third derivative of -w**4/12 - w**3/3 + 7*w**2. What is v(c)?
-6
Suppose 2*h = 4*h - 4*p - 4, 5 = h - 5*p. Let j(y) = y + 4. Let r be j(3). Let m(i) = -4 + r*i + 3*i - 9*i + 1. Calculate m(h).
-3
Let w(y) = -y - 24. Let r(d) = d - 2. Let m(n) = 6*r(n) + w(n). Determine m(8).
4
Let h(s) be the second derivative of 0 - s**2 - s - 5/6*s**3. Determine h(-3).
13
Let m be (4 + -3 + 1)/1. Suppose m*f = 2*g + 7*f - 1, -g = 3*f. Let i(w) = -2*w + 2. Let s(a) = -2*a + 2. Let o(j) = 4*i(j) - 3*s(j). What is o(g)?
-4
Suppose 3*w + 306 = 4*w. Let a = -166 + w. Let p be a/30 + 2/6. Let n(f) = -2*f + 7. Give n(p).
-3
Let z(g) = -g**2 - 9*g + 17. Let w be z(-11). Let a(y) = -y**2 - 9*y - 12. Calculate a(w).
8
Suppose 0 = -2*t - r - 1 + 14, 5 = 4*t - 5*r. Let d(z) be the third derivative of 0*z - 2/3*z**3 - 4*z**2 - 7/24*z**4 + 0 - 1/60*z**t. Calculate d(-3).
8
Let n(x) = x + 5. Let g(k) = -k**3 + 10*k**2 - 8*k - 2. Let f be g(4). Let m = -58 + f. Calculate n(m).
9
Let m(h) = h - 3*h**3 + 2*h**3 + 0*h**3 + 1 - h**2. Let q = 178 - 182. Let v(n) = -5*n**3 - 10*n**2 - n + 7. Let u(x) = q*m(x) + v(x). Determine u(-4).
-9
Let u(m) = 2*m + 3. Suppose -6*k + g - 20 = -2*k, 5*k + 25 = 3*g. Let r be k/(-2)*(16/4)/(-2). Determine u(r).
-7
Suppose v + 3*v - 2*t + 12 = 0, 16 = -4*t. Let r(f) = -f**3 - 4*f**2 + 2*f - 6. Calculate r(v).
9
Let p(k) = k + 16. Suppose -4*s - b - 56 = 0, 2*s = 13*b - 8*b - 6. What is p(s)?
3
Let p(q) = -q**3 - 4*q**2 + 3*q + 6. Suppose 0 = -2*w + 4*k - 20, -5*k - 3 = 5*w + 2. Determine p(w).
-6
Let p(o) = -o**3 + 8*o**2 - o. Let d be ((-798)/285)/((-4)/10). Give p(d).
42
Let m(u) = -6*u**2 - 1. Let y = 46 + -47. Determine m(y).
-7
Let o(m) = -64 - 2*m + 3*m + 0*m + 64. What is o(6)?
6
Let z(l) = 2*l**2 - l - 4. Let n be (3/((-6)/(-56)))/((-1)/4). Let a = -109 - n. Calculate z(a).
11
Let s(p) be the first derivative of -p**3/3 - 3*p**2/2 + p + 313. Let l(h) be the first derivative of -h**2/2 + 3*h + 2. Let w be l(0). What is s(w)?
-17
Let b(l) be the first derivative of -l**4/12 + 2*l**3/3 - l**2 - 8*l + 25. Let k(a) be the first derivative of b(a). Determine k(3).
1
Let k(c) = 4. Let r(o) be the third derivative of o**4/24 + o**3/6 + 5*o**2. Let l(y) = k(y) - 4*r(y). Calculate l(-5).
20
Let y(t) = -t**2 + 15. Let o be y(0). Suppose 0*p + 3*p - o = 0. Let f(c) = -c + 1. What is f(p)?
-4
Let f(z) be the first derivative of 5/3*z**3 + 1/24*z**4 - 3 + 1/45*z**6 + 1/120*z**5 + 0*z**2 + 0*z. Let q(j) be the third derivative of f(j). Determine q(-1).
8
Let x(p) = -17*p**2 - 16*p - 11. Let q(j) = -11*j**2 - 10*j - 7. Let t(a) = 8*q(a) - 5*x(a). Give t(-1).
-4
Let k(q) = 8 - 16*q + q**3 + 975*q**2 - 989*q**2 + 11. Determine k(15).
4
Let x be 1 - (-11)/(22/8). Let a(l) = -l**2 + 7*l - 12. What is a(x)?
-2
Let f(c) = 751 + c**3 + 2*c**3 - 9*c - 2*c**3 - 755 + 7*c**2. Suppose i - 5 + 13 = 0. Determine f(i).
4
Let h(u) = 3*u**2 - 15*u + 1. Suppose -2*j = -2*p - 14, -5*j + 3 = 5*p - 12. Let f be h(j). Let c(q) = -5*q**2. Give c(f).
-5
Let o(j) = -54*j**3 - 10*j**2 + 53*j + 79. Let l(d) = 19*d**3 + 3*d**2 - 18*d - 27. Let n(r) = -17*l(r) - 6*o(r). Give n(-10).
5
Let o(n) = -2*n + 14*n - 4 + 8213*n**2 - 8226*n**2 + 0 + n**3. Determine o(12).
-4
Let l(a) be the first derivative of 3*a**2 - 181. Give l(2).
12
Let c(p) = -p**3 + 6*p**2 + 6*p - 1. Let z be c(-2). Let l(f) = -f**3 + 18*f**2 + 20*f + 21. Determine l(z).
40
Let a(r) = -34*r**2 + 2*r - 3. Let s(v) = 26*v**2 - 3*v + 3. Let d(z) = -3*a(z) - 4*s(z). Let u(q) = 6*q**2 + q. Let f be u(-1). What is d(f)?
-23
Let r(a) = -a**3 - 2*a**2 - 4. Let b(w) = -w**3 + 4*w**2 + w - 1. Let h(n) = -2*n + 2. Let i be h(-1). Let d be b(i). Suppose -m - d = -0*m. What is r(m)?
5
Let x(c) = -c - 14. Let z be x(-6). Let w(o) = o**2 + 9*o + 5. Let l be w(z). Let q(h) = h**2 + h + 4. Calculate q(l).
10
Suppose -13 = 17*p + 55. Let g(v) = v**2 - 2*v + 3. Determine g(p).
27
Let t(j) = j**2 - 7*j + 6. Let a(d) = d**2 + 2. Let x be (1/(-1))/((-11)/(-22)). Let r be a(x). Determine t(r).
0
Let m(s) = -677*s**2 - 677*s**2 + 1346*s**2. Suppose 2 = -n + 3. Give m(n).
-8
Let o(i) = -198 + 398 - 194 + 2*i. Calculate o(-6).
-6
Let n be (-6 - 1) + 0/(-1). Suppose 2*v - 260 = -5*p, 0 = 2*p - 2*v + 31 - 149. Let t(a) = -a**2 - p - a + 48 - 6*a. What is t(n)?
-6
Let i(h) = h**3 - 6*h**2 + h - 2. Let b be (-4)/34 + (-312)/(-51). Calculate i(b).
4
Let g(a) = -a**3 + 9*a**2 - 6*a - 10. Let z = 657 + -649. Determine g(z).
6
Let u be -10 + 3 - -3 - (-5 + 1). Suppose u = -10*t - 11 - 9. Let l(q) = -1 + 0 + 0 + 2*q. What is l(t)?
-5
Let j(n) = n**2 - 1. Suppose -2*r + 10 = 6. Let h be j(r). Let a(q) = q + 1. Determine a(h).
4
Let v be 9 + 0 - (-272)/(-68). Let c(b) = -b**3 + 5*b**2 - 9. Determine c(v).
-9
Let t = -3 + 7. Suppose t*b - 28 = -0*b. Let d(x) = 6*x**2 + 3*x**2 + 0*x**2 - 7 - 8*x**2 - 5*x + 0*x**2. Give d(b).
7
Suppose -4*m + g = -55, 3*m + g - 12 = 24. Suppose -m - 2 = 3*c. Let o(y) = 1 - y - y**2 + y - 6*y. Give o(c).
6
Suppose 4*b = -3*v + 15, -4*b + 3*b = -3*v. Let n be -4 + 3/b + 1. Let y(c) = 2*c**3 + 2 - 2*c + 0 - 3*c**3 + 2*c**3 - 2*c**2. Calculate y(n).
-10
Let f = 236 + -233. Let n(v) = 2*v + 1. Give n(f).
7
Let v(s) = -s**2 - 16*s + 21. Let j = 31 - 48. Determine v(j).
4
Let s = -156 - -151. Let g(m) be the second derivative of m**4/12 + 5*m**3/6 - 7*m**2/2 - m. What is g(s)?
-7
Let d be (-10140)/(-1755) + 2/9. Let u(j) = j. Let k(f) = 3*f + 1. Let p(o) = -k(o) + 4*u(o). Determine p(d).
5
Let k(c) = -3*c**3 + c**2 - 1. Let t be (-52)/208 - (-5)/(-8)*-2. Determine k(t).
-3
Suppose 77 = -6*q + 65. Let o(x) = x**2 + x + 2. Give o(q).
4
Let p = -66 + 71. Let o(x) = -9 + 14 - 2*x + 0*x - 1. Calculate o(p).
-6
Let z = 0 - 3. Let g(l) = -5*l**2 - 6*l - 4. Let i(w) = -4*w**2 - 5*w - 4. Let m(p) = 3*g(p) - 4*i(p). What is m(z)?
7
Let z = -21 + 30. Let i be 24/z*(-15)/10. Let v(j) = -7 + 3 - 1 + j**2. Calculate v(i).
11
Let p = 43 - 49. Let c(z) = -1. Suppose 6 = -0*l - 2*l + 4*v, -4*l - 3*v = 12. Let x(g) = -g + 1. Let d(y) = l*c(y) - x(y). Give d(p).
-4
Let c(j) = -j**3 + 5*j**2 - 4*j - 4. Let n be (-432)/(-5) - ((-161)/35 + 5). Let o = n + -82. Determine c(o).
-4
Suppose g = -5*g + 12. Let y(a) = -2*a**2 - 4*a**2 + 3*a**2 + 2*a**g + 1 + 8*a. Calculate y(7).
8
Suppose 0 = -4*b + 4*m + 8, 4*b + 2*m - 25 + 11 = 0. Let u(y) = 5*y**2 + 1562*y**b + 14 - 1561*y*